{"id":99,"date":"2021-06-15T14:44:03","date_gmt":"2021-06-15T17:44:03","guid":{"rendered":"https:\/\/177.74.2.66\/terapiaocupacional\/?page_id=99"},"modified":"2024-02-21T09:33:12","modified_gmt":"2024-02-21T12:33:12","slug":"projeto-politico-pedagogico","status":"publish","type":"page","link":"https:\/\/paginas.uepa.br\/terapiaocupacional\/index.php\/projeto-politico-pedagogico\/","title":{"rendered":"Projeto Pedag\u00f3gico do Curso (PPC)"},"content":{"rendered":"\n<p>O Projeto Pedag\u00f3gico do Curso de Terapia Ocupacional da Universidade do Estado do Par\u00e1 foi constru\u00eddo visando atender as Diretrizes Curriculares Nacionais do Curso de Gradua\u00e7\u00e3o em Terapia Ocupacional (DCN), adequando os princ\u00edpios metodol\u00f3gicos e filos\u00f3ficos \u00e0s necessidades primordiais para a forma\u00e7\u00e3o do perfil do profissional desejado.<\/p>\n\n\n\n<p>A primeira edi\u00e7\u00e3o do PPC do Curso de Terapia Ocupaiconal foi implementada no ano de 1993, a segunda em 2007 e a terceira em 2017. No ano de 2024, inicia-se a implanta\u00e7\u00e3o da 4\u00b0 edi\u00e7\u00e3o. O novo PPC do Curso de Terapia Ocupacional da UEPA traz inova\u00e7\u00f5es especialmente quanto \u00e0 oferta de atividades pedag\u00f3gicas modulares\/semestrais e \u00e0 curriculariza\u00e7\u00e3o da extens\u00e3o. <\/p>\n\n\n\n<p>Desde 1993, o PPC j\u00e1 previa atividades pr\u00e1ticas desde a 1\u00b0 s\u00e9rie do Curso, o que se mostra como um diferencial do Curso de Terapia Ocupacional da UEPA. E desde 2007, o PPC do Curso de Terapia Ocupacional baseia-se em metodologias ativas de ensino \u2013 aprendizagem, que auxiliem o aluno a buscar, enquanto protagonista do seu processo de constru\u00e7\u00e3o de conhecimentos e compet\u00eancias, a resposta de suas inquieta\u00e7\u00f5es, valorizando a experi\u00eancia e individualidade do discente. <\/p>\n\n\n\n<p>As atividades acad\u00eamicas s\u00e3o voltadas \u00e0s necessidades locais, buscando integrar o estudante e as atividades acad\u00eamicas, de forma a introduzir uma vis\u00e3o pr\u00e1tica da atua\u00e7\u00e3o profissional atrav\u00e9s do envolvimento dos mesmos em sua forma\u00e7\u00e3o profissional, da atua\u00e7\u00e3o nas equipes de sa\u00fade, em a\u00e7\u00f5es educativas e de assist\u00eancia social no \u00e2mbito institucional e na pr\u00e1tica comunit\u00e1ria para entendimento da realidade em que vivem.<\/p>\n\n\n\n<p>Atualmente, e at\u00e9 o ano de 2027, vigorar\u00e3o, no Curso, os dois PPCs, at\u00e9 que se complete a transi\u00e7\u00e3o e implanta\u00e7\u00e3o completa do PPC 2023.<\/p>\n\n\n\n<p>Abaixo constam dos dois PPCs para download na \u00edntegra.<\/p>\n\n\n\n<div class=\"wp-block-columns alignfull has-text-color has-background is-layout-flex wp-container-core-columns-is-layout-1 wp-block-columns-is-layout-flex\" style=\"color:#000000;background-color:#ffffff\">\n<div class=\"wp-block-column is-layout-flow wp-block-column-is-layout-flow\">\n<h3 class=\"wp-block-heading has-text-align-center\" style=\"font-size:21px;line-height:1.2\"><strong>Projeto Pedag\u00f3gico 2017<\/strong><\/h3>\n\n\n\n<div data-wp-interactive=\"core\/file\" class=\"wp-block-file\"><object data-wp-bind--hidden=\"!state.hasPdfPreview\"  class=\"wp-block-file__embed\" data=\"https:\/\/paginas.uepa.br\/terapiaocupacional\/wp-content\/uploads\/2024\/02\/PPC_TO_2017.pdf\" type=\"application\/pdf\" style=\"width:100%;height:600px\" aria-label=\"Incorporado de PPC_TO_2017.\"><\/object><a id=\"wp-block-file--media-7af6e0c3-d52d-4c81-b4df-1905d22fb518\" href=\"https:\/\/paginas.uepa.br\/terapiaocupacional\/wp-content\/uploads\/2024\/02\/PPC_TO_2017.pdf\">PPC_TO_2017<\/a><a href=\"https:\/\/paginas.uepa.br\/terapiaocupacional\/wp-content\/uploads\/2024\/02\/PPC_TO_2017.pdf\" class=\"wp-block-file__button wp-element-button\" download aria-describedby=\"wp-block-file--media-7af6e0c3-d52d-4c81-b4df-1905d22fb518\">Baixar<\/a><\/div>\n<\/div>\n\n\n\n<div class=\"wp-block-column is-layout-flow wp-block-column-is-layout-flow\">\n<p class=\"has-text-align-center has-medium-font-size\"><strong>Projeto Pedag\u00f3gico 2023<\/strong><\/p>\n\n\n\n<div data-wp-interactive=\"core\/file\" class=\"wp-block-file\"><object data-wp-bind--hidden=\"!state.hasPdfPreview\"  class=\"wp-block-file__embed\" data=\"https:\/\/paginas.uepa.br\/terapiaocupacional\/wp-content\/uploads\/2024\/02\/PPC_TO_2023.pdf\" type=\"application\/pdf\" style=\"width:100%;height:600px\" aria-label=\"Incorporado de PPC_TO_2023.\"><\/object><a id=\"wp-block-file--media-eb5d5ae8-1f92-4615-bdce-59d9c043893c\" href=\"https:\/\/paginas.uepa.br\/terapiaocupacional\/wp-content\/uploads\/2024\/02\/PPC_TO_2023.pdf\">PPC_TO_2023<\/a><a href=\"https:\/\/paginas.uepa.br\/terapiaocupacional\/wp-content\/uploads\/2024\/02\/PPC_TO_2023.pdf\" class=\"wp-block-file__button wp-element-button\" download aria-describedby=\"wp-block-file--media-eb5d5ae8-1f92-4615-bdce-59d9c043893c\">Baixar<\/a><\/div>\n<\/div>\n<\/div>\n\n\n\n<p> <\/p>\n","protected":false},"excerpt":{"rendered":"<p>O Projeto Pedag\u00f3gico do Curso de Terapia Ocupacional da Universidade do Estado do Par\u00e1 foi constru\u00eddo visando atender as Diretrizes Curriculares Nacionais do Curso de Gradua\u00e7\u00e3o em Terapia Ocupacional (DCN), adequando os princ\u00edpios metodol\u00f3gicos e filos\u00f3ficos \u00e0s necessidades primordiais para a forma\u00e7\u00e3o do perfil do profissional desejado. A primeira edi\u00e7\u00e3o do PPC do Curso de &hellip;<\/p>\n<p class=\"read-more\"> <a class=\"\" href=\"https:\/\/paginas.uepa.br\/terapiaocupacional\/index.php\/projeto-politico-pedagogico\/\"> <span class=\"screen-reader-text\">Projeto Pedag\u00f3gico do Curso (PPC)<\/span> Leia mais &raquo;<\/a><\/p>\n","protected":false},"author":1,"featured_media":0,"parent":0,"menu_order":0,"comment_status":"closed","ping_status":"closed","template":"","meta":{"_uag_custom_page_level_css":"","site-sidebar-layout":"default","site-content-layout":"default","ast-site-content-layout":"default","site-content-style":"default","site-sidebar-style":"default","ast-global-header-display":"","ast-banner-title-visibility":"","ast-main-header-display":"","ast-hfb-above-header-display":"","ast-hfb-below-header-display":"","ast-hfb-mobile-header-display":"","site-post-title":"","ast-breadcrumbs-content":"","ast-featured-img":"","footer-sml-layout":"","theme-transparent-header-meta":"default","adv-header-id-meta":"","stick-header-meta":"","header-above-stick-meta":"","header-main-stick-meta":"","header-below-stick-meta":"","astra-migrate-meta-layouts":"set","ast-page-background-enabled":"default","ast-page-background-meta":{"desktop":{"background-color":"","background-image":"","background-repeat":"repeat","background-position":"center center","background-size":"auto","background-attachment":"scroll","background-type":"","background-media":"","overlay-type":"","overlay-color":"","overlay-gradient":""},"tablet":{"background-color":"","background-image":"","background-repeat":"repeat","background-position":"center center","background-size":"auto","background-attachment":"scroll","background-type":"","background-media":"","overlay-type":"","overlay-color":"","overlay-gradient":""},"mobile":{"background-color":"","background-image":"","background-repeat":"repeat","background-position":"center center","background-size":"auto","background-attachment":"scroll","background-type":"","background-media":"","overlay-type":"","overlay-color":"","overlay-gradient":""}},"ast-content-background-meta":{"desktop":{"background-color":"var(--ast-global-color-5)","background-image":"","background-repeat":"repeat","background-position":"center center","background-size":"auto","background-attachment":"scroll","background-type":"","background-media":"","overlay-type":"","overlay-color":"","overlay-gradient":""},"tablet":{"background-color":"var(--ast-global-color-5)","background-image":"","background-repeat":"repeat","background-position":"center center","background-size":"auto","background-attachment":"scroll","background-type":"","background-media":"","overlay-type":"","overlay-color":"","overlay-gradient":""},"mobile":{"background-color":"var(--ast-global-color-5)","background-image":"","background-repeat":"repeat","background-position":"center center","background-size":"auto","background-attachment":"scroll","background-type":"","background-media":"","overlay-type":"","overlay-color":"","overlay-gradient":""}},"footnotes":""},"uagb_featured_image_src":{"full":false,"thumbnail":false,"medium":false,"medium_large":false,"large":false,"1536x1536":false,"2048x2048":false},"uagb_author_info":{"display_name":"admin@uepa.br","author_link":"https:\/\/paginas.uepa.br\/terapiaocupacional\/index.php\/author\/adminuepa-br\/"},"uagb_comment_info":0,"uagb_excerpt":"O Projeto Pedag\u00f3gico do Curso de Terapia Ocupacional da Universidade do Estado do Par\u00e1 foi constru\u00eddo visando atender as Diretrizes Curriculares Nacionais do Curso de Gradua\u00e7\u00e3o em Terapia Ocupacional (DCN), adequando os princ\u00edpios metodol\u00f3gicos e filos\u00f3ficos \u00e0s necessidades primordiais para a forma\u00e7\u00e3o do perfil do profissional desejado. A primeira edi\u00e7\u00e3o do PPC do Curso de&hellip;","_links":{"self":[{"href":"https:\/\/paginas.uepa.br\/terapiaocupacional\/index.php\/wp-json\/wp\/v2\/pages\/99"}],"collection":[{"href":"https:\/\/paginas.uepa.br\/terapiaocupacional\/index.php\/wp-json\/wp\/v2\/pages"}],"about":[{"href":"https:\/\/paginas.uepa.br\/terapiaocupacional\/index.php\/wp-json\/wp\/v2\/types\/page"}],"author":[{"embeddable":true,"href":"https:\/\/paginas.uepa.br\/terapiaocupacional\/index.php\/wp-json\/wp\/v2\/users\/1"}],"replies":[{"embeddable":true,"href":"https:\/\/paginas.uepa.br\/terapiaocupacional\/index.php\/wp-json\/wp\/v2\/comments?post=99"}],"version-history":[{"count":5,"href":"https:\/\/paginas.uepa.br\/terapiaocupacional\/index.php\/wp-json\/wp\/v2\/pages\/99\/revisions"}],"predecessor-version":[{"id":467,"href":"https:\/\/paginas.uepa.br\/terapiaocupacional\/index.php\/wp-json\/wp\/v2\/pages\/99\/revisions\/467"}],"wp:attachment":[{"href":"https:\/\/paginas.uepa.br\/terapiaocupacional\/index.php\/wp-json\/wp\/v2\/media?parent=99"}],"curies":[{"name":"wp","href":"https:\/\/api.w.org\/{rel}","templated":true}]}}