{"id":9,"date":"2021-06-14T11:16:58","date_gmt":"2021-06-14T14:16:58","guid":{"rendered":"https:\/\/177.74.2.66\/terapiaocupacional\/?page_id=9"},"modified":"2024-02-22T11:56:35","modified_gmt":"2024-02-22T14:56:35","slug":"home","status":"publish","type":"page","link":"https:\/\/paginas.uepa.br\/terapiaocupacional\/","title":{"rendered":"Seja bem vindo ao site do Curso de Terapia Ocupacional da UEPA!"},"content":{"rendered":"\n<p>O curso de Terapia Ocupacional da Universidade do Estado do Par\u00e1 (UEPA), iniciou suas atividades no dia 15 de abril de 1985 e, em 2025, completar\u00e1 40 anos formando terapeutas ocupacionais competentes, cr\u00edticos, reflexivos e qualificados para atua\u00e7\u00e3o na regi\u00e3o Amaz\u00f4nia, no contexto brasileiro e no cen\u00e1rio mundial.<\/p>\n\n\n\n<p>Neste site, voc\u00ea encontrar\u00e1 informa\u00e7\u00f5es a respeito do Curso, not\u00edcias, atividades, documentos regulamentadores e demais informa\u00e7\u00f5es \u00fateis \u00e0 comunidade.<\/p>\n\n\n\n<p>Algumas se\u00e7\u00f5es ainda est\u00e3o em constru\u00e7\u00e3o, por\u00e9m estamos muito empenhados em construir e aperfei\u00e7oar, a cada dia, este ve\u00edculo de comunica\u00e7\u00e3o com a comunidade, n\u00e3o somente nossa comunidade acad\u00eamica, mas a comunidade em geral!<br><\/p>\n","protected":false},"excerpt":{"rendered":"<p>O curso de Terapia Ocupacional da Universidade do Estado do Par\u00e1 (UEPA), iniciou suas atividades no dia 15 de abril de 1985 e, em 2025, completar\u00e1 40 anos formando terapeutas ocupacionais competentes, cr\u00edticos, reflexivos e qualificados para atua\u00e7\u00e3o na regi\u00e3o Amaz\u00f4nia, no contexto brasileiro e no cen\u00e1rio mundial. Neste site, voc\u00ea encontrar\u00e1 informa\u00e7\u00f5es a respeito &hellip;<\/p>\n<p class=\"read-more\"> <a class=\"\" href=\"https:\/\/paginas.uepa.br\/terapiaocupacional\/\"> <span class=\"screen-reader-text\">Seja bem vindo ao site do Curso de Terapia Ocupacional da UEPA!<\/span> Leia mais &raquo;<\/a><\/p>\n","protected":false},"author":1,"featured_media":0,"parent":0,"menu_order":0,"comment_status":"closed","ping_status":"closed","template":"","meta":{"_uag_custom_page_level_css":"","site-sidebar-layout":"right-sidebar","site-content-layout":"content-boxed-container","ast-site-content-layout":"normal-width-container","site-content-style":"boxed","site-sidebar-style":"unboxed","ast-global-header-display":"","ast-banner-title-visibility":"","ast-main-header-display":"","ast-hfb-above-header-display":"","ast-hfb-below-header-display":"","ast-hfb-mobile-header-display":"","site-post-title":"","ast-breadcrumbs-content":"","ast-featured-img":"","footer-sml-layout":"","theme-transparent-header-meta":"default","adv-header-id-meta":"","stick-header-meta":"","header-above-stick-meta":"","header-main-stick-meta":"","header-below-stick-meta":"","astra-migrate-meta-layouts":"set","ast-page-background-enabled":"default","ast-page-background-meta":{"desktop":{"background-color":"","background-image":"","background-repeat":"repeat","background-position":"center center","background-size":"auto","background-attachment":"scroll","background-type":"","background-media":"","overlay-type":"","overlay-color":"","overlay-gradient":""},"tablet":{"background-color":"","background-image":"","background-repeat":"repeat","background-position":"center center","background-size":"auto","background-attachment":"scroll","background-type":"","background-media":"","overlay-type":"","overlay-color":"","overlay-gradient":""},"mobile":{"background-color":"","background-image":"","background-repeat":"repeat","background-position":"center center","background-size":"auto","background-attachment":"scroll","background-type":"","background-media":"","overlay-type":"","overlay-color":"","overlay-gradient":""}},"ast-content-background-meta":{"desktop":{"background-color":"var(--ast-global-color-5)","background-image":"","background-repeat":"repeat","background-position":"center center","background-size":"auto","background-attachment":"scroll","background-type":"","background-media":"","overlay-type":"","overlay-color":"","overlay-gradient":""},"tablet":{"background-color":"var(--ast-global-color-5)","background-image":"","background-repeat":"repeat","background-position":"center center","background-size":"auto","background-attachment":"scroll","background-type":"","background-media":"","overlay-type":"","overlay-color":"","overlay-gradient":""},"mobile":{"background-color":"var(--ast-global-color-5)","background-image":"","background-repeat":"repeat","background-position":"center center","background-size":"auto","background-attachment":"scroll","background-type":"","background-media":"","overlay-type":"","overlay-color":"","overlay-gradient":""}},"footnotes":""},"uagb_featured_image_src":{"full":false,"thumbnail":false,"medium":false,"medium_large":false,"large":false,"1536x1536":false,"2048x2048":false},"uagb_author_info":{"display_name":"admin@uepa.br","author_link":"https:\/\/paginas.uepa.br\/terapiaocupacional\/index.php\/author\/adminuepa-br\/"},"uagb_comment_info":0,"uagb_excerpt":"O curso de Terapia Ocupacional da Universidade do Estado do Par\u00e1 (UEPA), iniciou suas atividades no dia 15 de abril de 1985 e, em 2025, completar\u00e1 40 anos formando terapeutas ocupacionais competentes, cr\u00edticos, reflexivos e qualificados para atua\u00e7\u00e3o na regi\u00e3o Amaz\u00f4nia, no contexto brasileiro e no cen\u00e1rio mundial. Neste site, voc\u00ea encontrar\u00e1 informa\u00e7\u00f5es a respeito&hellip;","_links":{"self":[{"href":"https:\/\/paginas.uepa.br\/terapiaocupacional\/index.php\/wp-json\/wp\/v2\/pages\/9"}],"collection":[{"href":"https:\/\/paginas.uepa.br\/terapiaocupacional\/index.php\/wp-json\/wp\/v2\/pages"}],"about":[{"href":"https:\/\/paginas.uepa.br\/terapiaocupacional\/index.php\/wp-json\/wp\/v2\/types\/page"}],"author":[{"embeddable":true,"href":"https:\/\/paginas.uepa.br\/terapiaocupacional\/index.php\/wp-json\/wp\/v2\/users\/1"}],"replies":[{"embeddable":true,"href":"https:\/\/paginas.uepa.br\/terapiaocupacional\/index.php\/wp-json\/wp\/v2\/comments?post=9"}],"version-history":[{"count":3,"href":"https:\/\/paginas.uepa.br\/terapiaocupacional\/index.php\/wp-json\/wp\/v2\/pages\/9\/revisions"}],"predecessor-version":[{"id":476,"href":"https:\/\/paginas.uepa.br\/terapiaocupacional\/index.php\/wp-json\/wp\/v2\/pages\/9\/revisions\/476"}],"wp:attachment":[{"href":"https:\/\/paginas.uepa.br\/terapiaocupacional\/index.php\/wp-json\/wp\/v2\/media?parent=9"}],"curies":[{"name":"wp","href":"https:\/\/api.w.org\/{rel}","templated":true}]}}