{"id":104,"date":"2021-06-15T14:44:03","date_gmt":"2021-06-15T17:44:03","guid":{"rendered":"https:\/\/177.74.2.66\/terapiaocupacional\/?page_id=104"},"modified":"2021-08-19T16:33:38","modified_gmt":"2021-08-19T19:33:38","slug":"colegiado-de-curso","status":"publish","type":"page","link":"https:\/\/paginas.uepa.br\/terapiaocupacional\/index.php\/colegiado-de-curso\/","title":{"rendered":"Colegiado de Curso"},"content":{"rendered":"\n<p class=\"has-text-align-left justificado\">O Colegiado do Curso de Terapia Ocupacional \u00e9 um \u00f3rg\u00e3o de administra\u00e7\u00e3o, que tem fun\u00e7\u00f5es consultivas e deliberativas. Ele \u00e9 respons\u00e1vel pelo acompanhamento e avalia\u00e7\u00e3o da execu\u00e7\u00e3o das atividades acad\u00eamicas e administrativas no curso, conforme artigo 29 do Regimento Geral da Universidade do Estado do Par\u00e1. <\/p>\n\n\n\n<p>O colegiado \u00e9 composto por seis representantes docentes, tr\u00eas discentes e o coordenador (a) de curso como presidente. Os membros s\u00e3o eleitos pelos seus pares e exercem mandato de dois anos. <\/p>\n\n\n\n<p>Diante disso, algumas fun\u00e7\u00f5es s\u00e3o atribu\u00eddas a este \u00f3rg\u00e3o, as quais est\u00e3o listadas a seguir.<\/p>\n\n\n\n<ul><li>Implementar no curso decis\u00f5es de cunho acad\u00eamico e cient\u00edfico emanadas dos Conselhos Universit\u00e1rio e de Centro;<\/li><li>Aprovar e encaminhar para an\u00e1lise, ao Conselho de Centro, as propostas de altera\u00e7\u00e3o de curr\u00edculo do curso;<\/li><li>Aprovar os programas e ementas das disciplinas do curso;<\/li><li>Propor planos e projetos de pesquisa e extens\u00e3o de interesse do curso, encaminhando para an\u00e1lise do conselho de centro;<\/li><li>Deliberar, em grau de recurso, sobre as decis\u00f5es dos docentes e da coordena\u00e7\u00e3o do curso;<\/li><li>Examinar e decidir sobre o aproveitamento de estudos e adapta\u00e7\u00f5es;<\/li><li>Apurar poss\u00edveis responsabilidades do coordenador (a) do curso, pelo n\u00e3o cumprimento da legisla\u00e7\u00e3o em vigor e propor ao respectivo Conselho a sua destitui\u00e7\u00e3o, por maioria de dois ter\u00e7os dos seus membros;<\/li><li>Apreciar recomenda\u00e7\u00f5es da coordena\u00e7\u00e3o de curso sobre assuntos de interesse do curso;<\/li><li>Designar, dentre seus membros, um substituto &#8220;pr\u00f3-tempore&#8221; para preencher o cargo de coordenador na aus\u00eancia ou impedimento do mesmo;<\/li><li>Decidir, em grau de recurso, sobre as quest\u00f5es referentes a matr\u00edcula dos alunos transferidos e diplomados, ouvindo a Diretoria de Controle Acad\u00eamico. <\/li><\/ul>\n\n\n\n<p>Atualmente, os representantes do Colegiado do Curso s\u00e3o: <\/p>\n\n\n\n<ul class=\"has-normal-font-size\"><li>Lucivaldo da Silva Ara\u00fajo &#8211; Presidente<\/li><li>Andr\u00e9 Maia Pantoja &#8211; Membro Docente Titular <\/li><li>D\u00e9bora Ribeiro da Silva Campos Folha &#8211; Membro Docente Titular <\/li><li>\u00c9rica de Nazar\u00e9 Mar\u00e7al Elmescany &#8211; Membro Docente Titular <\/li><li>Ana Cl\u00e1udia Martins e Martins &#8211; Membro Docente Suplente<\/li><li>Cl\u00e1udia Marcia Lima da Costa &#8211; Membro Docente Suplente<\/li><li>Josianne de Almeida Dias &#8211; Membro Docente Suplente<\/li><li>Monise Isabelly Sousa Soares &#8211; Membro Discente Titular<\/li><li>Fab\u00edola da Silva Costa &#8211; Membro Discente Suplente<\/li><li>Ewerling Cristina Reis da Silva &#8211; Membro Discente Suplente<\/li><\/ul>\n","protected":false},"excerpt":{"rendered":"<p>O Colegiado do Curso de Terapia Ocupacional \u00e9 um \u00f3rg\u00e3o de administra\u00e7\u00e3o, que tem fun\u00e7\u00f5es consultivas e deliberativas. Ele \u00e9 respons\u00e1vel pelo acompanhamento e avalia\u00e7\u00e3o da execu\u00e7\u00e3o das atividades acad\u00eamicas e administrativas no curso, conforme artigo 29 do Regimento Geral da Universidade do Estado do Par\u00e1. O colegiado \u00e9 composto por seis representantes docentes, tr\u00eas &hellip;<\/p>\n<p class=\"read-more\"> <a class=\"\" href=\"https:\/\/paginas.uepa.br\/terapiaocupacional\/index.php\/colegiado-de-curso\/\"> <span class=\"screen-reader-text\">Colegiado de Curso<\/span> Leia mais &raquo;<\/a><\/p>\n","protected":false},"author":1,"featured_media":0,"parent":0,"menu_order":0,"comment_status":"closed","ping_status":"closed","template":"","meta":{"_uag_custom_page_level_css":"","site-sidebar-layout":"default","site-content-layout":"default","ast-site-content-layout":"","site-content-style":"default","site-sidebar-style":"default","ast-global-header-display":"","ast-banner-title-visibility":"","ast-main-header-display":"","ast-hfb-above-header-display":"","ast-hfb-below-header-display":"","ast-hfb-mobile-header-display":"","site-post-title":"","ast-breadcrumbs-content":"","ast-featured-img":"","footer-sml-layout":"","theme-transparent-header-meta":"default","adv-header-id-meta":"","stick-header-meta":"","header-above-stick-meta":"","header-main-stick-meta":"","header-below-stick-meta":"","astra-migrate-meta-layouts":"","ast-page-background-enabled":"default","ast-page-background-meta":{"desktop":{"background-color":"","background-image":"","background-repeat":"repeat","background-position":"center center","background-size":"auto","background-attachment":"scroll","background-type":"","background-media":"","overlay-type":"","overlay-color":"","overlay-gradient":""},"tablet":{"background-color":"","background-image":"","background-repeat":"repeat","background-position":"center center","background-size":"auto","background-attachment":"scroll","background-type":"","background-media":"","overlay-type":"","overlay-color":"","overlay-gradient":""},"mobile":{"background-color":"","background-image":"","background-repeat":"repeat","background-position":"center center","background-size":"auto","background-attachment":"scroll","background-type":"","background-media":"","overlay-type":"","overlay-color":"","overlay-gradient":""}},"ast-content-background-meta":{"desktop":{"background-color":"var(--ast-global-color-5)","background-image":"","background-repeat":"repeat","background-position":"center center","background-size":"auto","background-attachment":"scroll","background-type":"","background-media":"","overlay-type":"","overlay-color":"","overlay-gradient":""},"tablet":{"background-color":"var(--ast-global-color-5)","background-image":"","background-repeat":"repeat","background-position":"center center","background-size":"auto","background-attachment":"scroll","background-type":"","background-media":"","overlay-type":"","overlay-color":"","overlay-gradient":""},"mobile":{"background-color":"var(--ast-global-color-5)","background-image":"","background-repeat":"repeat","background-position":"center center","background-size":"auto","background-attachment":"scroll","background-type":"","background-media":"","overlay-type":"","overlay-color":"","overlay-gradient":""}},"footnotes":""},"uagb_featured_image_src":{"full":false,"thumbnail":false,"medium":false,"medium_large":false,"large":false,"1536x1536":false,"2048x2048":false},"uagb_author_info":{"display_name":"admin@uepa.br","author_link":"https:\/\/paginas.uepa.br\/terapiaocupacional\/index.php\/author\/adminuepa-br\/"},"uagb_comment_info":0,"uagb_excerpt":"O Colegiado do Curso de Terapia Ocupacional \u00e9 um \u00f3rg\u00e3o de administra\u00e7\u00e3o, que tem fun\u00e7\u00f5es consultivas e deliberativas. Ele \u00e9 respons\u00e1vel pelo acompanhamento e avalia\u00e7\u00e3o da execu\u00e7\u00e3o das atividades acad\u00eamicas e administrativas no curso, conforme artigo 29 do Regimento Geral da Universidade do Estado do Par\u00e1. O colegiado \u00e9 composto por seis representantes docentes, tr\u00eas&hellip;","_links":{"self":[{"href":"https:\/\/paginas.uepa.br\/terapiaocupacional\/index.php\/wp-json\/wp\/v2\/pages\/104"}],"collection":[{"href":"https:\/\/paginas.uepa.br\/terapiaocupacional\/index.php\/wp-json\/wp\/v2\/pages"}],"about":[{"href":"https:\/\/paginas.uepa.br\/terapiaocupacional\/index.php\/wp-json\/wp\/v2\/types\/page"}],"author":[{"embeddable":true,"href":"https:\/\/paginas.uepa.br\/terapiaocupacional\/index.php\/wp-json\/wp\/v2\/users\/1"}],"replies":[{"embeddable":true,"href":"https:\/\/paginas.uepa.br\/terapiaocupacional\/index.php\/wp-json\/wp\/v2\/comments?post=104"}],"version-history":[{"count":3,"href":"https:\/\/paginas.uepa.br\/terapiaocupacional\/index.php\/wp-json\/wp\/v2\/pages\/104\/revisions"}],"predecessor-version":[{"id":370,"href":"https:\/\/paginas.uepa.br\/terapiaocupacional\/index.php\/wp-json\/wp\/v2\/pages\/104\/revisions\/370"}],"wp:attachment":[{"href":"https:\/\/paginas.uepa.br\/terapiaocupacional\/index.php\/wp-json\/wp\/v2\/media?parent=104"}],"curies":[{"name":"wp","href":"https:\/\/api.w.org\/{rel}","templated":true}]}}