{"id":78,"date":"2021-05-10T11:03:34","date_gmt":"2021-05-10T14:03:34","guid":{"rendered":"https:\/\/paginas.uepa.br\/ghemaz\/?page_id=78"},"modified":"2021-10-05T16:34:29","modified_gmt":"2021-10-05T19:34:29","slug":"acoes-educativas-e-servicos","status":"publish","type":"page","link":"https:\/\/paginas.uepa.br\/ghemaz\/index.php\/acoes-educativas-e-servicos\/","title":{"rendered":"A\u00c7\u00d5ES EDUCATIVAS E SERVI\u00c7OS"},"content":{"rendered":"<ul>\n<li>Palestras relacionadas \u00e0s \u00e1reas de atua\u00e7\u00e3o do grupo;<\/li>\n<li>Assessoria ou Consultoria na \u00e1rea de ensino de Matem\u00e1tica;<\/li>\n<li>Cursos relacionados \u00e0 t\u00f3picos de Matem\u00e1tica e\/ou seu ensino;<\/li>\n<li>Parcerias na realiza\u00e7\u00e3o de eventos cient\u00edficos, culturais ou art\u00edsticos;<\/li>\n<li>Orienta\u00e7\u00e3o na elabora\u00e7\u00e3o de Projetos de ensino, pesquisa ou extens\u00e3o;<\/li>\n<li>Cursos relacionados a produ\u00e7\u00e3o e\/ou uso de materiais did\u00e1ticos relacionados ao ensino de Matem\u00e1tica;<\/li>\n<li>Produ\u00e7\u00e3o de materiais did\u00e1ticos manipul\u00e1veis concretos ou virtuais relacionados ao ensino de Matem\u00e1tica;<\/li>\n<li>Integra\u00e7\u00e3o em os membros do grupo e professores de Matem\u00e1tica da rede de ensino na aplica\u00e7\u00e3o e valida\u00e7\u00e3o de propostas metodol\u00f3gicas de ensino.<\/li>\n<\/ul>\n","protected":false},"excerpt":{"rendered":"<p>Palestras relacionadas \u00e0s \u00e1reas de atua\u00e7\u00e3o do grupo; Assessoria ou Consultoria na \u00e1rea de ensino de Matem\u00e1tica; Cursos relacionados \u00e0 t\u00f3picos de Matem\u00e1tica e\/ou seu ensino; Parcerias na realiza\u00e7\u00e3o de eventos cient\u00edficos, culturais ou art\u00edsticos; Orienta\u00e7\u00e3o na elabora\u00e7\u00e3o de Projetos de ensino, pesquisa ou extens\u00e3o; Cursos relacionados a produ\u00e7\u00e3o e\/ou uso de materiais did\u00e1ticos relacionados &hellip;<\/p>\n<p class=\"read-more\"> <a class=\"\" href=\"https:\/\/paginas.uepa.br\/ghemaz\/index.php\/acoes-educativas-e-servicos\/\"> <span class=\"screen-reader-text\">A\u00c7\u00d5ES EDUCATIVAS E SERVI\u00c7OS<\/span> Leia mais &raquo;<\/a><\/p>\n","protected":false},"author":1,"featured_media":0,"parent":0,"menu_order":0,"comment_status":"closed","ping_status":"closed","template":"","meta":{"_uag_custom_page_level_css":"","site-sidebar-layout":"default","site-content-layout":"default","ast-site-content-layout":"","site-content-style":"default","site-sidebar-style":"default","ast-global-header-display":"","ast-banner-title-visibility":"","ast-main-header-display":"","ast-hfb-above-header-display":"","ast-hfb-below-header-display":"","ast-hfb-mobile-header-display":"","site-post-title":"","ast-breadcrumbs-content":"","ast-featured-img":"","footer-sml-layout":"","theme-transparent-header-meta":"default","adv-header-id-meta":"","stick-header-meta":"","header-above-stick-meta":"","header-main-stick-meta":"","header-below-stick-meta":"","astra-migrate-meta-layouts":"","ast-page-background-enabled":"default","ast-page-background-meta":{"desktop":{"background-color":"","background-image":"","background-repeat":"repeat","background-position":"center center","background-size":"auto","background-attachment":"scroll","background-type":"","background-media":"","overlay-type":"","overlay-color":"","overlay-gradient":""},"tablet":{"background-color":"","background-image":"","background-repeat":"repeat","background-position":"center center","background-size":"auto","background-attachment":"scroll","background-type":"","background-media":"","overlay-type":"","overlay-color":"","overlay-gradient":""},"mobile":{"background-color":"","background-image":"","background-repeat":"repeat","background-position":"center center","background-size":"auto","background-attachment":"scroll","background-type":"","background-media":"","overlay-type":"","overlay-color":"","overlay-gradient":""}},"ast-content-background-meta":{"desktop":{"background-color":"var(--ast-global-color-5)","background-image":"","background-repeat":"repeat","background-position":"center center","background-size":"auto","background-attachment":"scroll","background-type":"","background-media":"","overlay-type":"","overlay-color":"","overlay-gradient":""},"tablet":{"background-color":"var(--ast-global-color-5)","background-image":"","background-repeat":"repeat","background-position":"center center","background-size":"auto","background-attachment":"scroll","background-type":"","background-media":"","overlay-type":"","overlay-color":"","overlay-gradient":""},"mobile":{"background-color":"var(--ast-global-color-5)","background-image":"","background-repeat":"repeat","background-position":"center center","background-size":"auto","background-attachment":"scroll","background-type":"","background-media":"","overlay-type":"","overlay-color":"","overlay-gradient":""}},"footnotes":""},"uagb_featured_image_src":{"full":false,"thumbnail":false,"medium":false,"medium_large":false,"large":false,"1536x1536":false,"2048x2048":false},"uagb_author_info":{"display_name":"admin@uepa.br","author_link":"https:\/\/paginas.uepa.br\/ghemaz\/index.php\/author\/adminuepa-br\/"},"uagb_comment_info":0,"uagb_excerpt":"Palestras relacionadas \u00e0s \u00e1reas de atua\u00e7\u00e3o do grupo; Assessoria ou Consultoria na \u00e1rea de ensino de Matem\u00e1tica; Cursos relacionados \u00e0 t\u00f3picos de Matem\u00e1tica e\/ou seu ensino; Parcerias na realiza\u00e7\u00e3o de eventos cient\u00edficos, culturais ou art\u00edsticos; Orienta\u00e7\u00e3o na elabora\u00e7\u00e3o de Projetos de ensino, pesquisa ou extens\u00e3o; Cursos relacionados a produ\u00e7\u00e3o e\/ou uso de materiais did\u00e1ticos relacionados&hellip;","_links":{"self":[{"href":"https:\/\/paginas.uepa.br\/ghemaz\/index.php\/wp-json\/wp\/v2\/pages\/78"}],"collection":[{"href":"https:\/\/paginas.uepa.br\/ghemaz\/index.php\/wp-json\/wp\/v2\/pages"}],"about":[{"href":"https:\/\/paginas.uepa.br\/ghemaz\/index.php\/wp-json\/wp\/v2\/types\/page"}],"author":[{"embeddable":true,"href":"https:\/\/paginas.uepa.br\/ghemaz\/index.php\/wp-json\/wp\/v2\/users\/1"}],"replies":[{"embeddable":true,"href":"https:\/\/paginas.uepa.br\/ghemaz\/index.php\/wp-json\/wp\/v2\/comments?post=78"}],"version-history":[{"count":3,"href":"https:\/\/paginas.uepa.br\/ghemaz\/index.php\/wp-json\/wp\/v2\/pages\/78\/revisions"}],"predecessor-version":[{"id":223,"href":"https:\/\/paginas.uepa.br\/ghemaz\/index.php\/wp-json\/wp\/v2\/pages\/78\/revisions\/223"}],"wp:attachment":[{"href":"https:\/\/paginas.uepa.br\/ghemaz\/index.php\/wp-json\/wp\/v2\/media?parent=78"}],"curies":[{"name":"wp","href":"https:\/\/api.w.org\/{rel}","templated":true}]}}