{"id":147,"date":"2021-05-17T10:50:21","date_gmt":"2021-05-17T13:50:21","guid":{"rendered":"https:\/\/paginas.uepa.br\/ghemaz\/?page_id=147"},"modified":"2021-10-21T10:58:51","modified_gmt":"2021-10-21T13:58:51","slug":"cdimpa","status":"publish","type":"page","link":"https:\/\/paginas.uepa.br\/ghemaz\/index.php\/cdimpa\/","title":{"rendered":"CDIMPA"},"content":{"rendered":"<p>As a\u00e7\u00f5es do grupo convergem para a implanta\u00e7\u00e3o de um espa\u00e7o denominado<span style=\"color: #078244;\"><strong> Centro de Documenta\u00e7\u00e3o, Informa\u00e7\u00e3o, Mem\u00f3ria e Pesquisa na Amaz\u00f4nia (CDIMPA)<\/strong><\/span> visando:<\/p>\n<p style=\"padding-left: 40px;\">(i) Reunir produ\u00e7\u00f5es cient\u00edficas, culturais e art\u00edsticas;<br \/>\n(ii) Sistematizar, preservar e divulgar a documenta\u00e7\u00e3o do acervo;<br \/>\n(iii) Elaborar instrumentos e projetos de pesquisa;<br \/>\n(iv) Empreender esfor\u00e7os no sentido de se consolidar como espa\u00e7o de apoio \u00e0 pesquisa, ao ensino, \u00e0 extens\u00e3o, pautado, rigidamente, pelo princ\u00edpio da indissociabilidade entre essas inst\u00e2ncias;<br \/>\n(v) Prestar servi\u00e7os em sua \u00e1rea de atua\u00e7\u00e3o e<br \/>\n(vi) Realizar eventos cient\u00edficos e culturais.<\/p>\n","protected":false},"excerpt":{"rendered":"<p>As a\u00e7\u00f5es do grupo convergem para a implanta\u00e7\u00e3o de um espa\u00e7o denominado Centro de Documenta\u00e7\u00e3o, Informa\u00e7\u00e3o, Mem\u00f3ria e Pesquisa na Amaz\u00f4nia (CDIMPA) visando: (i) Reunir produ\u00e7\u00f5es cient\u00edficas, culturais e art\u00edsticas; (ii) Sistematizar, preservar e divulgar a documenta\u00e7\u00e3o do acervo; (iii) Elaborar instrumentos e projetos de pesquisa; (iv) Empreender esfor\u00e7os no sentido de se consolidar como &hellip;<\/p>\n<p class=\"read-more\"> <a class=\"\" href=\"https:\/\/paginas.uepa.br\/ghemaz\/index.php\/cdimpa\/\"> <span class=\"screen-reader-text\">CDIMPA<\/span> Leia mais &raquo;<\/a><\/p>\n","protected":false},"author":1,"featured_media":0,"parent":0,"menu_order":0,"comment_status":"closed","ping_status":"closed","template":"","meta":{"_uag_custom_page_level_css":"","site-sidebar-layout":"default","site-content-layout":"default","ast-site-content-layout":"","site-content-style":"default","site-sidebar-style":"default","ast-global-header-display":"","ast-banner-title-visibility":"","ast-main-header-display":"","ast-hfb-above-header-display":"","ast-hfb-below-header-display":"","ast-hfb-mobile-header-display":"","site-post-title":"","ast-breadcrumbs-content":"","ast-featured-img":"","footer-sml-layout":"","theme-transparent-header-meta":"default","adv-header-id-meta":"","stick-header-meta":"","header-above-stick-meta":"","header-main-stick-meta":"","header-below-stick-meta":"","astra-migrate-meta-layouts":"","ast-page-background-enabled":"default","ast-page-background-meta":{"desktop":{"background-color":"","background-image":"","background-repeat":"repeat","background-position":"center center","background-size":"auto","background-attachment":"scroll","background-type":"","background-media":"","overlay-type":"","overlay-color":"","overlay-gradient":""},"tablet":{"background-color":"","background-image":"","background-repeat":"repeat","background-position":"center center","background-size":"auto","background-attachment":"scroll","background-type":"","background-media":"","overlay-type":"","overlay-color":"","overlay-gradient":""},"mobile":{"background-color":"","background-image":"","background-repeat":"repeat","background-position":"center center","background-size":"auto","background-attachment":"scroll","background-type":"","background-media":"","overlay-type":"","overlay-color":"","overlay-gradient":""}},"ast-content-background-meta":{"desktop":{"background-color":"var(--ast-global-color-5)","background-image":"","background-repeat":"repeat","background-position":"center center","background-size":"auto","background-attachment":"scroll","background-type":"","background-media":"","overlay-type":"","overlay-color":"","overlay-gradient":""},"tablet":{"background-color":"var(--ast-global-color-5)","background-image":"","background-repeat":"repeat","background-position":"center center","background-size":"auto","background-attachment":"scroll","background-type":"","background-media":"","overlay-type":"","overlay-color":"","overlay-gradient":""},"mobile":{"background-color":"var(--ast-global-color-5)","background-image":"","background-repeat":"repeat","background-position":"center center","background-size":"auto","background-attachment":"scroll","background-type":"","background-media":"","overlay-type":"","overlay-color":"","overlay-gradient":""}},"footnotes":""},"uagb_featured_image_src":{"full":false,"thumbnail":false,"medium":false,"medium_large":false,"large":false,"1536x1536":false,"2048x2048":false},"uagb_author_info":{"display_name":"admin@uepa.br","author_link":"https:\/\/paginas.uepa.br\/ghemaz\/index.php\/author\/adminuepa-br\/"},"uagb_comment_info":0,"uagb_excerpt":"As a\u00e7\u00f5es do grupo convergem para a implanta\u00e7\u00e3o de um espa\u00e7o denominado Centro de Documenta\u00e7\u00e3o, Informa\u00e7\u00e3o, Mem\u00f3ria e Pesquisa na Amaz\u00f4nia (CDIMPA) visando: (i) Reunir produ\u00e7\u00f5es cient\u00edficas, culturais e art\u00edsticas; (ii) Sistematizar, preservar e divulgar a documenta\u00e7\u00e3o do acervo; (iii) Elaborar instrumentos e projetos de pesquisa; (iv) Empreender esfor\u00e7os no sentido de se consolidar como&hellip;","_links":{"self":[{"href":"https:\/\/paginas.uepa.br\/ghemaz\/index.php\/wp-json\/wp\/v2\/pages\/147"}],"collection":[{"href":"https:\/\/paginas.uepa.br\/ghemaz\/index.php\/wp-json\/wp\/v2\/pages"}],"about":[{"href":"https:\/\/paginas.uepa.br\/ghemaz\/index.php\/wp-json\/wp\/v2\/types\/page"}],"author":[{"embeddable":true,"href":"https:\/\/paginas.uepa.br\/ghemaz\/index.php\/wp-json\/wp\/v2\/users\/1"}],"replies":[{"embeddable":true,"href":"https:\/\/paginas.uepa.br\/ghemaz\/index.php\/wp-json\/wp\/v2\/comments?post=147"}],"version-history":[{"count":3,"href":"https:\/\/paginas.uepa.br\/ghemaz\/index.php\/wp-json\/wp\/v2\/pages\/147\/revisions"}],"predecessor-version":[{"id":319,"href":"https:\/\/paginas.uepa.br\/ghemaz\/index.php\/wp-json\/wp\/v2\/pages\/147\/revisions\/319"}],"wp:attachment":[{"href":"https:\/\/paginas.uepa.br\/ghemaz\/index.php\/wp-json\/wp\/v2\/media?parent=147"}],"curies":[{"name":"wp","href":"https:\/\/api.w.org\/{rel}","templated":true}]}}